tor of w and q?
18
Suppose -14*s + 83 = -11 - 32. What is the highest common divisor of 135 and s?
9
Let a(n) = -2*n - 2*n + 4*n**2 - 2*n + 5*n. Let i be a(-1). Suppose -17 = -i*y + t + 2, 0 = -3*y - 2*t + 1. What is the highest common divisor of 6 and y?
3
Let f be 12/(-3 + (-54)/(-16)). Let b = 58031 - 57199. What is the highest common divisor of f and b?
32
Let k be ((-10)/3)/(-2*2/108). Suppose -5*u + k = -10*u. Let c = u - -45. Calculate the highest common factor of c and 81.
27
Suppose -40 = -28*k + 8*k. Suppose k*u - 2*p - 8 = u, -3*u + 5*p = -23. Calculate the highest common divisor of 150 and u.
6
Suppose 9510 = 4*m - 85*g + 87*g, -4*m + g + 9501 = 0. What is the highest common factor of m and 176?
88
Let f = 44 - 41. Suppose f*z - 450 = 111. Let u = -45 - -62. Calculate the highest common divisor of z and u.
17
Suppose 0 = 17*o - 14*o + 21. Let f be -15*((-22)/(-55) + o/5). What is the highest common divisor of f and 120?
15
Let g(h) = -h**3 + 19*h**2 - 14*h - 57. Suppose 22*j + 24*j = 828. Let d be g(j). What is the highest common factor of 345 and d?
15
Let w = -1191 + 1235. Calculate the greatest common divisor of w and 7348.
44
Suppose 335*g = 4*x + 338*g - 4951, 0 = -2*g - 6. What is the greatest common divisor of x and 6045?
155
Let x(u) = 9*u**2 - 46*u + 735. Let f be x(39). Calculate the highest common factor of f and 30.
30
Let v(q) = 16*q - 1012. Let i be v(72). Calculate the greatest common divisor of i and 4480.
140
Let s(q) = q**2 - 2337*q + 49. Let a be s(0). What is the highest common factor of a and 1393?
7
Suppose 0*c + 3*c + 11 = 2*q, 0 = -5*q + c + 47. Let n be q/(1 - 51) - 5582/(-10). What is the greatest common divisor of 62 and n?
62
Suppose 344 = -3*r + 5*r. Let o be (-31)/(-7) + r/301. Calculate the greatest common factor of 35 and o.
5
Let o be 8/24*(4 - 1) - -863. What is the greatest common factor of 480 and o?
96
Let z = -38 + 38. Suppose -2*h + z*h - 2*o = 4, 0 = -3*o - 6. Suppose 4*n - 20 = h, 2*c + 3*n - 43 = -16. Calculate the highest common divisor of c and 48.
6
Suppose 6 = -2*g, -3*g - 16 - 13 = -4*a. Suppose a*s + 3*b = 1203 + 222, -5*s + b + 1445 = 0. What is the highest common factor of 90 and s?
18
Suppose -280 = -9*i - 5*i. Suppose 0 = -2*m + i*m - 540. What is the greatest common factor of m and 60?
30
Let s(t) = -10*t - 37. Let k be s(-4). Let m be ((-3)/(-6) - -1)*22/k. Suppose -7*g = -m*g + 308. Calculate the highest common factor of 14 and g.
7
Let f be 21/(-15) - (-3 - 13/(-5)). Let b be 1746/45 - (12/15 + f). Suppose -5*m + 1696 = 4*n, -4*m = m + 20. Calculate the greatest common divisor of b and n.
39
Let p(x) = 122*x**3 - 15*x**2 - 4*x - 6. Let l be p(2). What is the highest common factor of 574 and l?
82
Suppose -5*t + 5111 = 5*k + 1136, -k - 4 = 0. Suppose -31*w = -679 - 778. What is the greatest common divisor of w and t?
47
Suppose 3*h = -287 - 64. Let d be -1 - (4 - (-9 + 14)) - 2. Let w be h/d*72/54. Calculate the highest common divisor of 26 and w.
26
Let w(p) = -p**3 + 20*p**2 - 12*p - 277. Let k be w(18). Calculate the highest common factor of k and 10.
5
Let p be 70*((-20)/(-8) - 2). Let n = 122 + -117. Let b be (((-70)/3)/n)/(2/(-9)). What is the greatest common divisor of p and b?
7
Let u(r) = -5*r + 8*r + 2*r + 2 + 113. Let b be u(-18). Calculate the highest common divisor of b and 50.
25
Let h(w) = 2*w + 27. Let m be h(-15). Let s be 1 - 6 - m - -44. Let t be -1*(3 - 10 - -1). Calculate the greatest common factor of s and t.
6
Suppose -100 = -3*j - 19. Let y be 1/(-6) + (-1137)/(-18). Calculate the highest common factor of j and y.
9
Suppose 3*n = -0*n - 0*n. Let m(d) = d - 1. Let i be m(5). Suppose -u + j + 121 = n, -i*u = -2*j - 705 + 223. What is the highest common divisor of u and 15?
15
Let a(s) = 2*s**3 - 12*s**2 - 92*s + 790. Let v be a(8). Calculate the highest common divisor of v and 160.
10
Let p be (-23)/((-207)/(-144)) + 86. Suppose -5 = k - 40. Calculate the greatest common divisor of p and k.
35
Let b = -250 - -132. Let t = 130 + b. Calculate the highest common divisor of 3 and t.
3
Let c(v) = -2*v**2 + 155*v + 1196. Let n be c(-7). Let m be 0/2 + 195/5. What is the highest common factor of m and n?
13
Suppose -4*r - 4*a = -7*r + 10019, 0 = r - 3*a - 3333. What is the greatest common factor of 15 and r?
15
Suppose -39*t + 31*t = -160. Let w(s) = -s**3 + 19*s**2 + 22*s + 28. Let h be w(t). What is the highest common divisor of h and 17?
17
Let l = -6970 - -8820. What is the highest common factor of l and 60?
10
Suppose -m - 1924 = 3*i - 6435, -i + 5*m + 1509 = 0. What is the greatest common factor of 658 and i?
94
Let p = -45 + 117. Suppose p = -3*n - 27. Let y = -30 - n. What is the greatest common factor of y and 3?
3
Suppose -2486 = 1251*m - 1252*m. What is the highest common divisor of 44 and m?
22
Let z(y) = 17*y**2 + 5*y + 22. Let f be z(-4). Let v = -232 + f. Calculate the greatest common divisor of 105 and v.
21
Suppose -21*s + 1750 = -7*s. Suppose -p = -s + 86. Calculate the greatest common divisor of p and 39.
39
Let l be 158/12 + 2/(-12). Let o(i) = 1371*i**3 + 49*i**2 - 5*i + 2. Let a be o(1). Calculate the greatest common divisor of a and l.
13
Let t be 1641/12 - (58/(-8) - -7). Suppose 4*n = -12, t + 15 = 5*q - 4*n. Calculate the greatest common divisor of q and 224.
28
Let d be -16*(-2)/(-2)*-1. Suppose -8*c + 20 = -20. Suppose 5*w = -f + 53, -c*w + 44 = f - 9*w. Calculate the greatest common divisor of d and f.
16
Let u(k) = -k**3 - 13*k**2 + 24*k - 34. Let a be -5*(105/33 - 4/22). Let c be u(a). Calculate the highest common factor of 56 and c.
56
Let j be 29/((-406)/56) - -485. What is the greatest common divisor of 221 and j?
13
Suppose 3*r + 11 = 4*r - 5*z, 4*r - 21 = -3*z. Suppose -r*a + 9 + 3 = 0. Let y be (2 - -74*a) + 2. What is the highest common factor of y and 19?
19
Let h = -708 + 7162. Calculate the greatest common factor of h and 14.
14
Suppose 2*w = -3*w + 125. Let c = 794 + -809. Let h be 273 + 76/(-570) + (-32)/c. What is the highest common factor of h and w?
25
Let n = 71 + -37. Suppose 0*p + 3*p = 714. What is the greatest common divisor of n and p?
34
Let n = 1045 + -590. What is the highest common factor of 780 and n?
65
Let x(i) = i**3 + i**2 - 2*i + 275. Let v be x(0). Let n(f) = -f**3 - 7*f**2 - 17*f - 94. Let w be n(-7). Calculate the highest common factor of w and v.
25
Let f be ((-2)/(-7) - 36/(-21)) + 10. Suppose -32 = 4*l + f*l. Let k be (2 - (l + -148))/2 + 2. What is the highest common divisor of k and 195?
39
Suppose 9*n - 14*n + 15 = 0. Let o(f) = 12*f**2 + n*f**2 - 5*f**2 + 6*f - 5*f. Let p be o(-1). What is the greatest common factor of 1 and p?
1
Let r be (-15)/5*2/12*(19 + -23). Suppose 54 = 3*i + 3*b, -2*b - 13 = 5*i - 109. Let x be (16/10)/(2/i). What is the highest common divisor of x and r?
2
Let x be (12/30)/(1/15). Let d = x + -16. Let j be (d/(-25))/((-1)/(-35)). What is the highest common factor of 56 and j?
14
Let b = 4198 + -3878. Calculate the highest common factor of 130 and b.
10
Let a be 3/9*(-1 - -4). Suppose -2*j + 2*f = -244, -4*f + 260 = 3*j - 92. Suppose -19*p = -4*p - j. What is the greatest common factor of p and a?
1
Suppose y - 638 = -0*w - 5*w, -122 = -w - 3*y. Suppose 5*p + 849*z - 135 = 854*z, -2*p + 5*z = -39. Calculate the highest common divisor of w and p.
32
Suppose 17*w - 561 - 3723 = -17*w. Let s(u) = u**2 + 7*u + 2. Let z be s(-7). Calculate the highest common divisor of w and z.
2
Suppose 112 = -b + 2*b + 4*t, -t + 3 = 0. Suppose 0 = 7*u - 47 - b. Calculate the highest common factor of 672 and u.
21
Suppose 4*k = -2*o + 26, -4 - 11 = -3*o. Suppose 5*x - 60 = k*x. Suppose -2*t + 37 = 7. Calculate the greatest common factor of x and t.
15
Let p(z) = 2*z**3 - 11*z**2 + 15*z + 3. Suppose 9*m + 6 = 42. Let b be p(m). Let d be 2966/18 - 2/(-9). What is the greatest common divisor of d and b?
15
Let j(p) = -292*p + 3576. Let r be j(11). Calculate the highest common factor of r and 3185.
91
Suppose 35*i + 3040 = 25*i. Let c = 312 + i. Calculate the greatest common divisor of 152 and c.
8
Let x be (-45414)/(-90) + 6/(-10). Let n = 543 - x. What is the greatest common divisor of 117 and n?
39
Suppose 0 = -4*v - 315 + 1195. Let n = -506 - -95. Let w = -323 - n. What is the greates